*b - 13556. Give p(-8).
-19
Let t(y) = 30*y - 3 - 62*y - y**2 + 4 + 30*y + 10. What is t(3)?
-4
Let q(i) = 1862 - 6*i**2 - 1858 + 0*i - i**3 - 6*i. Let n = -265 + 260. Calculate q(n).
9
Let t(s) = -190 + 28*s + 28*s + 25*s - 92*s. What is t(-17)?
-3
Let h(b) = -673 + 2045 + 2*b - 3*b - 650 - 687. Calculate h(11).
24
Let v(w) = -w**2 - 10*w + 47. Let j(u) = -u**2 + 199*u - 1169. Let q be j(6). Give v(q).
36
Let a = -1755 - -1759. Let w(v) = -v**2 - 30 - 21 + 55. What is w(a)?
-12
Let f(b) be the second derivative of -2*b**3/3 - b**2/2 - 3*b. Suppose 2*g - p - 10 = -5*p, -10 = 7*g - p. Give f(g).
3
Let t(h) = -4 - 24*h**2 - 34*h + 3 + 20*h**2 - 2. What is t(-9)?
-21
Let j(x) be the second derivative of -x**4/8 + 17*x**3/6 + 64*x**2 - 23*x. Let p(a) be the first derivative of j(a). Determine p(6).
-1
Let k(h) = -5*h. Let g = 356 + -331. Suppose -5*a + g = 0, -5*y - 11*a + 10 = -7*a. Determine k(y).
10
Let r(t) = t**3 + 4*t**2 + 3*t + 5. Let f be r(-4). Let h(n) = n + 1044*n**3 - 9*n + 6*n**2 + 0*n - 1043*n**3 - 32 + 35. Determine h(f).
10
Let t(u) = -u - 284737*u**2 + 0 + 0 + 284784*u**2. Suppose 0 = 2*s + 4, j + 4*j - s - 7 = 0. Determine t(j).
46
Let c(x) = x**3 + 3*x**2 - 6*x + 7. Let h(u) = 129*u - 6456. Let g be h(50). Calculate c(g).
-65
Let n(i) = -i + 2. Suppose 57*x + 165 = 68*x. What is n(x)?
-13
Let x(b) = 5*b**2 + 18*b - 9. Let n(y) = -334*y - 1006. Let h be n(-3). Give x(h).
-1
Let o(m) be the first derivative of -m**4/4 + m**3/3 - 3*m**2/2 + 9*m - 2452. What is o(2)?
-1
Let z(q) = q**2 + 9*q + 22. Suppose -f = -3*g + 9*f + 1, 0 = -3*g - 4*f - 13. What is z(g)?
4
Suppose -4 = -0*p - 4*p. Suppose 2*b - 8 = -w - 2*w, b + 4*w = -p. Let j(o) = -15*o + 4*o - 1 - o**2 + 3 + b*o. What is j(-5)?
-3
Let g(k) = -k + 3 - 2*k + 13. Suppose -23*a + 93 = 1. Let n be g(a). Let v(t) = -t**2 + 4*t - 4. Give v(n).
-4
Let n(z) = z + 4. Suppose 2*u - 12*v = -8*v - 14, 0 = -3*u - v + 14. Suppose -2*a - 4*b = u*a - 107, 100 = 4*a - 4*b. Suppose a = -10*c - 27. What is n(c)?
-1
Let a(b) = -b**3 + 7*b**2 - 6*b + 19. Let g be (4 + 2 - 3)/((-63)/(-105)). Determine a(g).
39
Let v(o) = -23*o + 14. Let w be (11/(-44) - (-3)/4) + 16/(-32). Determine v(w).
14
Let j = 101 + -98. Suppose 7*y = 3*q + j*y - 24, 0 = -3*y. Let g(h) = 2*h - 10. Calculate g(q).
6
Let l be 4 - ((-784)/44 - (-2)/(-11)). Let m(z) = 31 - 46 + 5*z + l. Suppose -p - 28 = -4*b - 22, 0 = 3*b. Give m(p).
-23
Let g be (-4)/6*(-12)/(-9)*(-180)/(-40). Let l(p) be the third derivative of -p**4/24 - p**3/3 - 2*p**2. Calculate l(g).
2
Let w(m) = 147 - 129*m - 68 + 64*m**2 - 78. Give w(2).
-1
Let u be (420/126)/(10/45). Let d(z) = -z**2 + 15*z + 7. Determine d(u).
7
Suppose -w + 4*z + 151 = 132, -21 = 3*w + z. Let m(o) = -4*o**2 - 17*o + 17. Give m(w).
2
Suppose -3*p = 2*p. Let y(w) = -w - 9 + p - 1. Let t be 8225/(-1025) + (-20)/(-820). Calculate y(t).
-2
Let q(k) = 2*k**2 + 18*k - 50. Let h be q(-15). Let p = 138 - h. Let i(n) = -n**3 + 9*n**2 - 8*n - 1. What is i(p)?
-1
Let t(s) = -3700 + 3698 + 3*s**2 - 3*s + 4*s**2 + s - 2*s**3 - 4*s**2. Calculate t(1).
-3
Let m(h) be the first derivative of -h**3/2 - 108*h - 147. Let z(y) be the first derivative of m(y). Determine z(-2).
6
Let d(z) = 5*z - 1. Let v(k) = -10*k + 2. Let i(m) = 5*d(m) + 3*v(m). Let w(r) = 3*r**2 + 313*r + 411. Let c be w(-103). What is i(c)?
6
Let d(q) be the first derivative of q**4/4 + 14*q**3/3 + q**2/2 + q - 1471. Give d(-14).
-13
Let k(i) = 3*i**2 + 0*i + 2*i**2 + 3*i**2 - 3428 + i**3 + 3411 + 8*i. Give k(-6).
7
Let w(o) = o**3 - o**2 - 29*o + 68. Let p(u) = 2*u**2 - 135*u + 2111. Let y be p(43). Calculate w(y).
0
Let m(j) be the second derivative of -j**3/6 - 12*j**2 - 16*j + 3. Let u = 25 + -25. Calculate m(u).
-24
Let u(s) = -s**3 + 13*s**2 + 25*s - 537. Let g be u(11). Let k(a) = -a**3 - 20*a**2 + a + 9. Give k(g).
-11
Let i(c) = 2*c - 3. Suppose -30 = -231*p + 226*p. Give i(p).
9
Let t(h) = h + 1. Let w be (6/(-9))/(6/(-18)). Let b be (3/6)/((-1)/w). Determine t(b).
0
Let q = -661 - -655. Let w(k) = -k**3 - 5*k**2 - 5. Calculate w(q).
31
Let v = -117 - -118. Let l(m) = -30*m + 18*m + 15*m - v. What is l(-2)?
-7
Let y(d) = -d**3 + 15*d**2 + d - 18. Let j = -554 + 569. Calculate y(j).
-3
Let w(p) = 5 + 2246*p + 2*p**2 + p**3 - 2243*p + 0*p**2. Let v(f) = f**2 - 1. Let s(r) = 5*v(r) + w(r). Calculate s(-7).
-21
Let u(z) = 4*z**2 + 2*z + 1. Let k(l) = 5*l**2 + 2*l + 2. Let o(r) = -5*k(r) + 6*u(r). Let p be (-6)/(-4)*(-2 - -4). Suppose -13 = -p*h - 4. Calculate o(h).
-7
Let f(k) = -2 + 3 - 1 + 3*k - 4*k**2. Let z(r) = -4*r - 63. Let s be z(-16). Let u be (-360)/(-210) + s + (-5)/7. Give f(u).
-10
Let a(u) be the third derivative of u**5/60 - 17*u**4/12 + 67*u**3/6 - 3020*u**2. Determine a(32).
3
Suppose 5*g + 4*p + 29 = -0*g, -5*p - 10 = g. Let c(m) = -m + 27. Calculate c(g).
32
Let s(x) = x**3 + 7*x**2 + 3*x. Let q be s(-6). Suppose -1 = v - 3*l + 5, -3*v + l = q. Let y(u) = -u**2 - 7*u - 12. Determine y(v).
-6
Let g(c) = -666*c - 1291. Let q(d) = -237*d - 431. Let y(o) = -6*g(o) + 17*q(o). What is y(12)?
23
Suppose -11 + 1 = -5*r, -3*r + 6 = 2*k. Suppose g - 1 = -k. Let a(d) = 6*d - 5. Let n(i) = -i - 2. Let p(b) = a(b) - 2*n(b). Determine p(g).
7
Suppose 0 = -3*a - 16*v + 17*v + 23, -4*v - 8 = 2*a. Let s be (0 + (30/(-5))/a)*5. Let n(g) = -g**3 - 4*g**2 + 5*g + 1. Give n(s).
1
Let t(m) = -3*m**2 - 7*m**2 + 11*m**2 - 2 - 2*m. Let x = 8 - 40. Let o be (-24)/x*20/3. Calculate t(o).
13
Let k(o) = -11*o - 95. Let t(i) = -28*i - 246. Let u(w) = 26*k(w) - 10*t(w). Calculate u(10).
-70
Let o(u) = -12*u**2 - 2 - 12*u + 0*u + 11*u**2 + 2*u. Let n = 41 + -49. Calculate o(n).
14
Let w(p) = 252762*p - 36 - 126385*p - 126382*p. Determine w(-7).
-1
Let q = -471 - -485. Let u be (-8)/q - 9/21. Let i(z) = z**2 + z. Determine i(u).
0
Let i(z) = z**3 - z**2 - 2*z - 2. Suppose y + y + 5*n - 186 = 0, y - 5*n = 63. Let r = -13 + y. Let t = r + -67. Calculate i(t).
10
Let d(g) = -g + 11. Let c be d(5). Suppose 2*b - c*b - 20 = -4*p, 3*b - 33 = -5*p. Let a(u) = p - u - 7 - 5. Calculate a(0).
-6
Let b(p) = p**3 - p**2 - 10*p + 12. Let m be b(3). Let c(k) = -3*k**2 - 20*k - 92. Let u(o) = o**2 + 7*o + 31. Let n(s) = -6*c(s) - 17*u(s). Give n(m).
25
Let d(l) = 12*l**2 + l + 20. Let g(j) = -j + 8*j**2 - 2*j**2 + 8*j**2 + j**2 - 26*j**2 - 24. Let s(q) = -6*d(q) - 5*g(q). Calculate s(-1).
-16
Let k(r) = 5*r - 193. Let x(c) = 3*c - 140. Let m(t) = 2*k(t) - 3*x(t). What is m(-21)?
13
Let h(t) = 3*t**3 + 61*t**2 + 19*t - 19. Let n be (-12*(-8)/12)/(16/(-40)). Calculate h(n).
1
Let l = 17 - 12. Suppose -b + h = -3*h + 25, -30 = l*b - h. Let y(x) = 1. Let m(w) = w - 1. Let u(n) = b*y(n) - m(n). Calculate u(-4).
0
Let z = 151 + -153. Let y be -1 + ((-2)/(-1))/(1/z). Let t(d) = -d**2 - 4*d + 4. Determine t(y).
-1
Let k be -3 + ((-203)/145)/((-3)/15)*-1. Let w(u) be the first derivative of u**3/3 + 6*u**2 + 11*u + 2. Determine w(k).
-9
Let q(a) = 262*a + 262*a - 519*a - 102 + 109. Give q(4).
27
Suppose -5*c + 0 - 20 = 0. Let y(u) = -5*u**3 + 6*u**2 + 4*u + 7. Let i(w) = 12*w**3 - 12*w**2 - 8*w - 16. Let n(g) = -3*i(g) - 7*y(g). Determine n(c).
-17
Let d(g) = 133*g - 46*g - 40*g - g**2 + 25 - 43*g - 4. Determine d(8).
-11
Let g(s) = -4*s - 2. Suppose -4*a = 5*o - o + 80, -o - 39 = 2*a. Let l = a + 35. Suppose 2*n + 2*u = -u - l, 5*n + u = -14. Give g(n).
6
Let g(c) = 4*c + 2. Let d = 429 + -206. Suppose 3*u - 214 + d = 0. Calculate g(u).
-10
Let m(g) = 21*g + 4*g + 2*g**3 + 325*g**2 - 349*g**2 - 3*g - 1. Give m(11).
-1
Let n = -22587 + 22565. Let d(l) = -4*l - 63. Calculate d(n).
25
Let z(b) = b - 1. Let k(v) = v**3 + 21*v**2 - v - 26. Let o be k(-21). Let j be 2/o - (-108)/20. Let f be (0 - 0)/j*1. What is z(f)?
-1
Let g = -418 - -420. Let a(p) = 5*p - 3*p + 5 + g + 2*p - p**2 + 1. Give a(6).
-4
Suppose -6 = -7*a + 22. Suppose -2*b + a = -6. Let i be (-3)/((-27)/(-51)) - b/15. Let k(h) = -h**2 - 7*h - 2. Determine k(i).
4
Let j be (-24)/(-48)*(-54)/(-1). Let n(z) = -10 - 12 + j - z**2 - 9*z - 9. Let b(l) = -l**2 - l + 1. Let m be b(-3). Give n(m).
16
Let m(f) = f + 1 - f - f + 2*f. Let a(l) = l**3 + 10*l**2 + 9*l + 8. Let c be a(-9). Suppose -c = -n - 4*j, 4*n - 3*n + 3*j - 6 = 0. Determine m(n).
1
Let c(j) be the second derivative of j**4/12 + 5*j**3/3 + 4*j